3. Suppose -q = -6*p + x*p + 77, -76 = -3*p + 2*q. Calculate the remainder when p is divided by 14.
12
Suppose 4*m + 32 = 112. Calculate the remainder when 36 is divided by m.
16
Let g = -1 - 1. Let j = 13 - g. What is the remainder when 28 is divided by j?
13
Let q be (3 - (1 - -2)) + 0. Let y = q - -3. What is the remainder when 6 is divided by y?
0
Suppose 3*r - 200 = -5*h - 0*r, 2*r - 120 = -3*h. Suppose 2*o = 5*s + 27, -4*s + 7*s = o - 12. Calculate the remainder when h is divided by o.
19
Let g = -5 + 13. Suppose -a + g = 2*a + 2*l, -2*l = -8. Suppose -3*k - k + 56 = a. Calculate the remainder when 26 is divided by k.
12
Let j(x) = 2*x**2 + 6*x + 5. Let a be j(-4). Suppose -4*p + 27 + a = 0. What is the remainder when 29 is divided by p - 0/(-1*2)?
9
Let t = -17 + -13. Let u = 45 + t. Calculate the remainder when 43 is divided by u.
13
Let b = 148 - 137. What is the remainder when b is divided by 2*1/(-2)*-7?
4
Let r = -53 - -31. Suppose -2*z = -p + 18 - 87, 96 = 3*z - 4*p. Let y = r + z. What is the remainder when 54 is divided by y?
12
Suppose -5*q + 2*i + 465 = 0, 0 = 2*q + q + 5*i - 310. Calculate the remainder when q is divided by 24.
23
Suppose 0 = -v - 2*x - 16, 2*x + 144 - 56 = -5*v. Calculate the remainder when (v/5)/((-6)/15) is divided by 5.
4
Let u = 19 + 13. Let t = -52 + 114. Calculate the remainder when t is divided by u.
30
Suppose -6*g + 3*g = -96. What is the remainder when 93 is divided by g?
29
Calculate the remainder when 34/3*(-81)/(-18) is divided by 13.
12
Let g = 2 - 0. Suppose 0 = i - 4*i - 2*c + 16, g*c - 8 = -i. Suppose 0*v - 24 = -2*v + 2*s, -3*v + i*s = -41. What is the remainder when 19 is divided by v?
5
Let s = 85 - 32. Let u(a) = a**3 - 11*a**2 - 11*a + 6. Calculate the remainder when s is divided by u(12).
17
Suppose 4*b = 5*o - 2, -o - 3*b = -b - 6. Let w = -1219 - -859. What is the remainder when 18 is divided by o/(-7) - w/35?
8
Let m(x) = -x**2 - 13*x - 25. Calculate the remainder when 17 is divided by m(-10).
2
Let u = 8 - -3. Suppose 4*d - 6*j = -3*j + 71, -j - 19 = -d. Let b = 34 - d. What is the remainder when b is divided by u?
9
Suppose 12 = 4*j - 5*s - 10, 4*j - s = 14. Calculate the remainder when 3 is divided by j.
0
Let r(d) = -d**3 + d**2 + 2*d + 2. Let t(b) = -2*b. Let s be t(1). Calculate the remainder when 57 is divided by r(s).
7
Let j = 148 - 98. Let x(u) = -u + 10. Let g(h) = -3*h + 21. Let p(y) = -2*g(y) + 5*x(y). Calculate the remainder when j is divided by p(9).
16
Let f(z) = z**3 + 4*z**2 - 4*z + 1. Let b be f(-4). Let m = b - 0. Calculate the remainder when m is divided by (9/4)/((-6)/(-16)).
5
Let f(t) = 19*t**2 - 2*t + 2. What is the remainder when f(1) is divided by 10?
9
Suppose -2*j + 311 = -m, 0 = -m - 0 - 5. What is the remainder when j is divided by 14?
13
Suppose 0 = -2*h - t - 3, 4*t - 1 = h - 13. Suppose -2*b - 2*b + 8 = h. Calculate the remainder when 7 is divided by b.
1
Suppose 0 = -y + 2 - 3, 4*l + 3*y = 225. Let g(k) = 2*k + 3. Calculate the remainder when l is divided by g(6).
12
Suppose 32 = 11*j - 1. What is the remainder when 13 is divided by j?
1
Suppose 5*y - 94 = -4*n - 0*n, -5*n - 4*y + 122 = 0. Let w = 269 + -260. What is the remainder when n is divided by w?
8
Let w be (-14)/((-3)/(27/6)). Let z = 29 - w. Suppose 4*m - y - 83 = 2*y, -2*m - 5*y = -61. Calculate the remainder when m is divided by z.
7
Let i(y) = y + 5. Let v be i(0). Suppose 0 = v*s - 53 - 32. Suppose -a - a + 14 = 2*d, 4*a = d + 38. Calculate the remainder when s is divided by a.
8
Let w(n) = 2*n - 15. Calculate the remainder when 148 is divided by w(20).
23
Suppose 0*o - 153 = -9*o. Calculate the remainder when o is divided by 6.
5
Let o = 66 + -37. Calculate the remainder when 38 is divided by (-4 + o)*8/10.
18
Suppose -2*d + 0 = 4*t - 12, d = 2*t + 2. Calculate the remainder when 4 is divided by d.
0
Suppose -3*u + 112 = u. Suppose -2*v - 4*f = -u, 0 = 5*v + f - 5*f. Suppose 3*b - 50 = -4*r, 7 + 13 = v*b - 4*r. What is the remainder when 19 is divided by b?
9
Suppose f - 3 = 26. Suppose 4*j - f = -q + 34, -3*q = -4*j + 67. Calculate the remainder when 30 is divided by j.
14
Suppose -3*i - 84 = -7*i. What is the remainder when i is divided by 12?
9
What is the remainder when (-5 - (-265)/55) + 2732/22 is divided by 43?
38
Suppose 2*g = -3*a + 17 + 6, a = 5*g + 36. Calculate the remainder when 16 is divided by a.
5
Suppose -144 = -4*c - 12. Calculate the remainder when 197 is divided by c.
32
Let v = -10 + 10. Let b = 3 + v. What is the remainder when b is divided by 2?
1
Suppose -2*l + 5*q + 5 = -64, 145 = 4*l - 3*q. Calculate the remainder when l is divided by 20.
17
Let r(y) = 4*y - 1. Calculate the remainder when 9 is divided by r(1).
0
Suppose 6 + 4 = 5*d. Let x(o) be the first derivative of 11*o**2 + 2*o - 2. Calculate the remainder when x(d) is divided by 16.
14
Let j = 0 + 9. Let g = j - -10. What is the remainder when g is divided by 4/(-6) + 46/6?
5
Suppose -3*q + 11 = -2*q. What is the remainder when 109 is divided by q?
10
Let l(h) = 1 - 2 + 13*h**2 - 2. Let j be l(3). Suppose 15 = -5*q, 0*q - j = -3*u + q. Calculate the remainder when u is divided by 19.
18
Let m be 0 - (4 - 3) - 0. What is the remainder when ((-58)/3)/(m/3) is divided by 20?
18
Let m = 14 + 5. Calculate the remainder when 74 is divided by m.
17
Let u = -42 + 94. Suppose -5*t + u = -t. Let f = 14 - 9. Calculate the remainder when t is divided by f.
3
Suppose -3*k - 4*t = -24, 0*t = -4*k - 3*t + 25. Suppose 3*z + i - 46 = -k, 0 = -4*z + 4*i + 40. Calculate the remainder when z is divided by 5.
3
Suppose -9 = -3*z, 2*z - 24 = -v - 2*z. Let u(d) = 2*d - 2. Let i(c) = c - 1. Let y(l) = 7*i(l) - 4*u(l). Calculate the remainder when v is divided by y(-6).
5
Let g = -39 - -51. Let s = 2 + 15. Suppose 101 = 4*k + s. What is the remainder when k is divided by g?
9
Let b(j) = j - 37. Let p be b(0). Let z be p/(-1) + 2 - 2. Let k = z + -22. What is the remainder when 28 is divided by k?
13
What is the remainder when 46 is divided by (18/15)/3*30?
10
Suppose 2*r + 4*h = -0*h, -h - 18 = -4*r. Let z = r + 5. Let u = 81 + -55. Calculate the remainder when u is divided by z.
8
Suppose -4*y = -y - 3. Suppose 12 = j + y. What is the remainder when j is divided by 2?
1
Let m(a) = -4*a. Let o be m(-2). Let p = 0 + o. What is the remainder when p is divided by 5?
3
Suppose 0 = 29*t - 24*t - 45. What is the remainder when t is divided by 4?
1
Let d = -6 - -24. Let n(i) = 1. Let c(h) = -h + 25. Let m(t) = c(t) - 6*n(t). Calculate the remainder when d is divided by m(9).
8
Let x = 35 - 13. Calculate the remainder when x is divided by 6.
4
Let d = 29 - 48. Suppose -k - k - 2*r = -86, -3*k + 135 = 5*r. Let a = d + k. Calculate the remainder when a is divided by 11.
10
Suppose -4*u = -y - 3*y + 24, -3*y + u = -8. Calculate the remainder when 5 is divided by y.
0
Suppose 0 = -5*w - 20 + 35. What is the remainder when 4 is divided by w?
1
Let g = -64 - -108. What is the remainder when g is divided by 23?
21
Suppose 2*m - 3*m = 3. Let g = 7 + m. Suppose 0 = -z - 1, -4*w = -10*z + 9*z - 25. Calculate the remainder when w is divided by g.
2
Let p(g) = -g + 3. Let n be p(6). Let a(h) = h**3 + 5*h**2 - 6*h - 7. Let k be a(-6). What is the remainder when 6/(n + (-23)/k) is divided by 11?
10
Let l(w) = -w**2 - w + 424. Let a be l(0). Let t = a + -238. Suppose -4*z - 2*n + t = 0, 0*z = -2*z + 4*n + 118. What is the remainder when z is divided by 17?
15
Let v be 3/(((-6)/(-4))/1). Let z(q) = 4*q - 5*q**2 + q**3 + v + 2 + 0*q. Calculate the remainder when 7 is divided by z(4).
3
Suppose -11 = -4*i + 5*y, -6 = -5*y - 21. Let m be -1 - (-1 + (i - -2)). Let q(n) = 9*n**2 + n. Calculate the remainder when q(m) is divided by 5.
3
Suppose 5*m - 7*m + 10 = 0. Suppose 3*n - 12 + 0 = 0. Calculate the remainder when m is divided by n.
1
Suppose 2*u = 4 - 0. Suppose 55 = -f + u*f. Suppose -3*b = -f + 10. Calculate the remainder when 28 is divided by b.
13
Let a(j) = -j**2 + 8*j - 3. Let d = 94 + -70. Calculate the remainder when d is divided by a(6).
6
Suppose 4*b + 41 = 5*b. Calculate the remainder when b is divided by 14.
13
Let t = 82 + -78. What is the remainder when t is divided by 3?
1
Let x(q) = -q + 7. Let v be x(6). Let d be -2 - v*-6*-4. Le